= f - 5. Suppose 0 = 4*s + s - 3*y - 17, 0 = -3*y + 3. Suppose -733 + 725 = -s*j. Give u(j).
-3
Suppose 2*j = -5*s - 41, -2*j - j - 3*s = 39. Let k(n) be the second derivative of 2*n + 7/2*n**2 + 1/6*n**3 - 48. Give k(j).
-1
Let n(l) = -l - 10 - l + 6. Let g = 27 - 23. Let u be (9 + -11)*(-6)/g. Calculate n(u).
-10
Let g(o) = 5*o**2 - 3*o - 3. Let v = -3379 - -3382. Calculate g(v).
33
Let d be (-8 + 92/12)*9. Let c(w) = -w + 8. What is c(d)?
11
Let q(a) = 2 + a - 6 + 2. Let k(z) = -z**2 + z + 10. Let d be k(-3). Let g be (11/(-11))/((5/d)/5). Calculate q(g).
0
Let l(j) = 151 + 6*j + 77 + 55 + 4. What is l(-48)?
-1
Let s(m) = -m**2 + 14*m + 37. Let f(n) = 877*n - 860. Let j be f(1). Calculate s(j).
-14
Let g(k) = k**2 - 13*k - 6. Let b be (15/(-6))/((-15)/12). Suppose 60 = 4*m - b*i, 5*m - 9*m - 3*i = -40. Calculate g(m).
-6
Let o(r) = -3*r + 0*r - 7*r - 585 + 484. What is o(-10)?
-1
Let r(k) = -k + 3. Let s = 348 + -345. Let h(p) = -2*p + 8. Let m(b) = s*h(b) - 5*r(b). Give m(8).
1
Let b(c) be the first derivative of c**2/2 - 3*c + 10. Let m be ((-4)/3)/((-2)/12). Calculate b(m).
5
Suppose -5*m - 5*m + 50 = 0. Suppose -2*w + 44 = 4*d - 5*w, -m*w = -4*d + 44. Let k be d/(-3) - (-2 + 35/15). Let p(c) = c**2 + 5*c + 2. Determine p(k).
-2
Let z(u) = u**3 + 4*u**2 - 6*u - 4. Let o(d) = 5*d - 151. Let l be o(32). Let f(j) = -j**3 + 9*j**2 - 3*j + 22. Let x be f(l). What is z(x)?
1
Suppose -20*y + 377 + 83 = 0. Suppose -3*p = k + 37, p + 34 = k + y. Let u(i) = i**2 + 14*i + 16. Give u(p).
-8
Let t(h) be the second derivative of -h**5/20 + h**4/12 + h**3/2 + 2*h**2 + h. Let j(f) = f**2 - 5*f + 3. Suppose -m + 56 = 56. Let d be j(m). Give t(d).
-5
Let n(i) be the first derivative of -2*i**2 - 59*i - 2151. Give n(-9).
-23
Let v be ((-6)/(-5))/(2/5). Suppose -s + v = -0. Let b(q) = 10*q + 3 - 1353*q**s - 3*q + 6*q**2 + 1352*q**3. What is b(7)?
3
Let n(d) = 16*d + 313. Let z = -27977 + 27957. Give n(z).
-7
Let p(f) = -9*f - 126. Let l = 110 + -125. Let c be p(l). Let i(k) = -k**2 + 8*k + 10. Calculate i(c).
1
Let b(p) be the second derivative of p**7/840 + p**6/24 + p**5/8 + 19*p**4/24 - 17*p**3/6 - p + 14. Let n(h) be the second derivative of b(h). What is n(-14)?
5
Let i(p) = 4*p - 1. Let y(t) be the first derivative of -7*t**2 + 14*t - 80. Let w(f) = 3*i(f) + y(f). Determine w(6).
-1
Let u(o) = o + 6. Let r(m) = 3*m + 18. Let c(s) = 2*r(s) - 7*u(s). Let i be (126/72)/((-532)/1824). Determine c(i).
0
Let i(m) = 5*m - 1. Let h(s) = -3*s + 32. Let y be h(10). Suppose 4*d - 11 = -3*g, -y*d + 4*g + 2 = 2*g. Suppose 3*t = 5*t - d. Give i(t).
4
Let s(a) = -8*a + 3. Let u(k) = -k**2 - 14*k + 31. Let x be u(-13). Let d = 46 - x. What is s(d)?
-13
Suppose 0 = 2*f + x - 4, -5*f = -0*x - 3*x - 32. Suppose 0 = 4*l - 7*l + 36. Suppose f*s - 7 = -2*v + s, -2*s + l = 5*v. Let y(a) = -3*a - 1. Give y(v).
-7
Let w(y) = 9*y**2 - 8*y - 157. Let x(m) = -19*m**2 + 16*m + 364. Let c(t) = -7*w(t) - 3*x(t). Calculate c(5).
-103
Let h(d) = -6*d + 22. Let v = -1354 - -1358. Determine h(v).
-2
Let f be -35 + (-13 + 11 - -15). Let b(u) = 5*u + 123. What is b(f)?
13
Let c(o) = -5*o**2 + 20*o - 2. Let x(j) = -j**2 + 4*j + 1. Let t(s) = c(s) - 6*x(s). Let y = -32 - -38. Suppose 0 = -y*z + 4*z + 12. Calculate t(z).
4
Let k(b) be the third derivative of 1/10*b**5 - 7/6*b**3 - 245*b**2 + 1/24*b**4 - 1/120*b**6 + 0 + 0*b. What is k(6)?
-1
Let z(w) = -18*w - 138. Let d be z(-7). Let r be (d/(-8) + -2)/(5/(-10)). Let p(b) = -2*b + 3 - 2*b**3 + 0*b + 2*b**2 - 2. Calculate p(r).
-1
Let u(t) = -3*t**2 - 23*t + 244. Let l(i) = 2*i**2 + 24*i - 201. Let g(f) = -6*l(f) - 5*u(f). Calculate g(12).
70
Suppose 17 = 5*f - 13. Let x(a) = 6 - 69*a**2 - 2*a + 51*a**2 + a + 19*a**2. Calculate x(f).
36
Suppose 43*w - 33 = 28*w - 168. Let y(m) = -3*m**2 - 29*m - 22. Determine y(w).
-4
Suppose 85 = -42*q + 59*q. Let a(w) = -3 + 5 + 16*w - q - 9*w - 16*w. Determine a(-3).
24
Let x be (2/6 - 0)/(11 + (-248)/24). Let u(f) be the first derivative of -f**3 - 3*f + 19 + x*f**4 - 3/2*f**2. Calculate u(3).
15
Suppose 7*c = -25*c - 2080. Let n(h) = -11*h - 6. Let i(s) be the third derivative of 5*s**4 + 65*s**3/6 - 10*s**2. Let l(f) = c*n(f) - 6*i(f). What is l(1)?
-5
Let h(p) = -p - 39. Let o be h(-57). Let t(w) = -w**2 + 18*w - 4. What is t(o)?
-4
Let j be (-1100)/(-1375) - (-118)/(-10). Let p(u) = -6*u + 20. What is p(j)?
86
Let d(b) be the first derivative of 8*b**2 + 1/2*b**3 - 1/24*b**4 + 0*b + 18. Let j(i) be the second derivative of d(i). Calculate j(-5).
8
Let d be (-5616)/(-3276)*(-14)/4. Let t(g) = -g + 3. Let w(f) = -6*f + 14. Let h(m) = 11*t(m) - 2*w(m). What is h(d)?
-1
Suppose 37*k - 23 = -51 + 28. Let m(c) = c**2 + c + 20. Calculate m(k).
20
Let i(n) = 6*n. Let m be 14/(-98) - (-232)/56. Calculate i(m).
24
Let j(c) be the third derivative of c**6/120 + c**5/10 + c**4/12 + 5*c**3/6 + 6*c**2. Suppose 56*x + 94 + 209 = -33. Give j(x).
-7
Let a(n) = -n**2 + 8*n + 3. Let r = -2730 - -2738. What is a(r)?
3
Let u(n) be the third derivative of 74*n**2 + 2/3*n**3 + 0*n + 1/24*n**4 - 2. Let r(t) = t**3 - 7*t**2 - 10*t + 9. Let g be r(8). Calculate u(g).
-3
Let y(v) = -21*v - 9. Let a = -118 + 109. Let d(b) = 2*b. Let x(g) = a*d(g) - y(g). Give x(-7).
-12
Suppose -3*m + 14 = 5*t, -t + 4*t - 16 = 2*m. Let j(u) = 8*u**2 - 33*u - 10. Let q(z) = -18*z**2 + 74*z + 21. Let a(v) = -11*j(v) - 5*q(v). What is a(t)?
9
Suppose -4*r + c = -3*r - 28, 0 = -5*r - 4*c + 113. Suppose r*g + 8 = 29*g. Let s(n) = -n**3 + 2*n - 3. What is s(g)?
-7
Suppose 5*g + 2*c - 7 = 0, g - 35 = -4*g + 5*c. Let q(j) = 6*j + 4 - 13*j + g - 4. Determine q(-3).
24
Suppose 0 = 5*g + 25, -3*a - 41*g + 4 = -43*g. Let d(x) = -x**2 + 7*x + 15. Let p be d(a). Let f(k) = k**3 + 3*k**2 - 2*k + 3. Determine f(p).
9
Let a(i) = -8*i - 87. Let x = -11007 - -11000. Calculate a(x).
-31
Let w(s) = -4*s**3 + 11*s**2 - 2*s + 11. Let y(h) = -17*h**3 + 44*h**2 - 12*h + 43. Let c(o) = -9*w(o) + 2*y(o). Calculate c(6).
-13
Let t be (490/735)/((-1)/(-1 - -7)). Let f(b) = -8*b - 2. Let c(l) = 7*l + 2. Let p(i) = 7*c(i) + 6*f(i). What is p(t)?
-2
Suppose 0 = -5*m + 4 - 14. Let b be (4/m - 1) + 7. Let j(g) = 21*g + 33. Let x(f) = 16*f + 26. Let s(h) = -3*j(h) + 4*x(h). Give s(b).
9
Let d = 4461 - 4456. Let o(w) = -2*w**2 + 10*w + 1. Determine o(d).
1
Let b(n) = -3*n + 27. Suppose 17*j - 676 = -761. Calculate b(j).
42
Let p = 6418 - 6413. Let k(d) be the third derivative of -1/12*d**4 + p*d**2 + 0*d + 2*d**3 + 1/120*d**6 + 0 - 2/15*d**5. What is k(8)?
-4
Let m(t) = 3*t**3 - t**2 + t. Let w be (7 - (8 + -4) - 2) + 31. Suppose -22*q = 10*q - w. Calculate m(q).
3
Let s(x) = -1. Let j(f) = 3*f + 1. Let o(y) = -j(y) - 5*s(y). Give o(2).
-2
Let y(x) = -2025*x + 521 + 2024*x - 528. Suppose -s + 2*s - 41 = -5*r, -4*s = r - 12. Calculate y(r).
-15
Let o(q) = -q**2 + 11*q + 14. Suppose -24*k = -16*k - 320. Suppose -4*d - 3*m = -k, -25*m + 23*m - 73 = -5*d. What is o(d)?
-12
Let j be (-6)/(-42) - 152/(-14). Let o(k) = -j*k + 15*k - k**2 + 15 - 2 + 2*k. What is o(9)?
-14
Let u be (-27)/18*40/(-6). Suppose -s - 25 + u = 0. Let c = -12 - s. Let w(q) = q**2 - 3*q + 1. Give w(c).
1
Let d = -5456 - -5466. Let a be (1/(-2))/(1/(-8)). Suppose -a*h = 6*h - d. Let o(x) = -19*x**2 + 2*x - 1. Determine o(h).
-18
Let r(d) = d**2 - 20*d + 9. Suppose -195 = 396*y - 411*y. What is r(y)?
-82
Let j(q) = -q**2 - 4*q + 5. Let c be j(-5). Suppose -4*z + c - 40 = 0. Let w(t) = -2*t - 62 + 3*t + 144 - 72. Determine w(z).
0
Suppose 17*d - 7*d = 90. Let w(g) = 10*g - 83. Let p be w(d). Let c(v) = -v - 10. What is c(p)?
-17
Let a(x) = -x**3 + 17*x**2 - 16*x + 6. Let i(b) = -1006*b + 7058. Let w be i(7). Calculate a(w).
6
Suppose -k - 17 = o, -6*k = -3*k - 4*o + 51. Let i(a) = 3*a - a**2 - 16*a + 3 + a - 5*a. Determine i(k).
3
Let z(a) = -11*a**3 + 14*a**2 + 9*a - 5. Let m(d) = 2*d**3 - 2*d**2 - d + 2. Let i be (13 + -7)*(-3)/(-18). Let t(x) = i*z(x) + 5*m(x). Determine t(4).
21
Let p(j) = -5*j**3 + 3*j**2 - 2*j + 5. Let s(o) = -16*o**3 + 9*o**2 - 7*o + 16. Let y(n) = -13*p(n) + 4*s(n). What is y(5)?
39
Let x be (-18)/(-4) - (-5616)/96. Let h = 18 + -80. Let y = x + h. Let f(k) = 16*k**3 + k**2. What is f(y)?
17
Let g(w) = 4 - 20 - 5*w**2 + 4197696*w - 4197689*w. Calculate g(5).
-106
Suppose 74*o - 923 = -